0?
-3011023
In base 11, what is 5a + -261a?
-2570
In base 10, what is -2 - 18132?
-18134
In base 9, what is -4827 + -5?
-4833
In base 9, what is -3331 - 10?
-3341
In base 7, what is -4 - -3014130?
3014123
In base 4, what is 0 + 1031031?
1031031
In base 2, what is -100 - -110101010?
110100110
In base 14, what is 26029a - 1?
260299
In base 9, what is -21063 - 43?
-21116
In base 2, what is -1010011 - -1000110011?
111100000
In base 11, what is -35619 - -12?
-35607
In base 3, what is 21122001 + 201?
21122202
In base 15, what is 4 + -5578d?
-55789
In base 6, what is 134432 - -5?
134441
In base 7, what is -2516 + -34?
-2553
In base 4, what is 203212322 - 22?
203212300
In base 14, what is -7ca0 - 10?
-7cb0
In base 15, what is -8920c8 - 0?
-8920c8
In base 8, what is 16 - 114103?
-114065
In base 3, what is 122 + 22020110?
22021002
In base 5, what is -3101 + -44220?
-102321
In base 5, what is 3 - -144000440?
144000443
In base 16, what is -28a - 5?
-28f
In base 9, what is 6 + -107576?
-107570
In base 7, what is -1135142 + 1?
-1135141
In base 10, what is 52159 - -4?
52163
In base 2, what is -1011000110100001 - -1?
-1011000110100000
In base 8, what is 1557376 - 3?
1557373
In base 7, what is 13 - 304?
-261
In base 15, what is 856 - -7?
85d
In base 15, what is 6 - -6a1a?
6a21
In base 6, what is 5 + 555405?
555414
In base 13, what is 1377b6 - -4?
1377ba
In base 13, what is 5 + -9900?
-98c8
In base 3, what is -1212002220 - -2?
-1212002211
In base 15, what is -270 - 526?
-796
In base 2, what is 1011011110000 + 110?
1011011110110
In base 11, what is 400a0 + 2?
400a2
In base 16, what is 4e996 + b?
4e9a1
In base 9, what is 25478 + 5?
25484
In base 10, what is 4 - 58956?
-58952
In base 5, what is -14103303 - 4?
-14103312
In base 14, what is 0 - -34289?
34289
In base 12, what is 7 + -7232?
-7227
In base 2, what is -110 + -1000101000111?
-1000101001101
In base 14, what is -3 + 11ccc?
11cc9
In base 7, what is 14 + 200640?
200654
In base 3, what is 100210202012 - 210?
100210201102
In base 8, what is -171 - -740?
547
In base 11, what is 5 - 11362?
-11358
In base 11, what is 39434 - -3?
39437
In base 13, what is -1515 + -b2?
-15c7
In base 9, what is 2 + -11223?
-11221
In base 6, what is 4 + 5203013?
5203021
In base 16, what is -c2e3 - 4?
-c2e7
In base 12, what is 78960 - -2?
78962
In base 7, what is 3 + -321052?
-321046
In base 4, what is -111011202 - 103?
-111011311
In base 5, what is 104 - -10201401?
10202010
In base 9, what is -10 - 353644?
-353654
In base 12, what is -23 + ba2?
b7b
In base 8, what is -1035 - -5503?
4446
In base 9, what is -466 + 37?
-428
In base 16, what is -201 - cbd?
-ebe
In base 3, what is 21111002 - 121?
21110111
In base 11, what is -22 - -1244?
1222
In base 14, what is -3 + -3151?
-3154
In base 13, what is -9 + 15014?
15008
In base 15, what is -133 + 1638?
1505
In base 9, what is 1 - -236035?
236036
In base 13, what is -1 - -bb564?
bb563
In base 7, what is -3 - 2410505?
-2410511
In base 2, what is 101010 + -11011110?
-10110100
In base 8, what is -35 + -224424?
-224461
In base 6, what is 12 - -2051355?
2051411
In base 12, what is -7 + -16573?
-1657a
In base 2, what is 1010100 + -110100010?
-101001110
In base 3, what is 111202 + 120?
112022
In base 2, what is -100 - -11000111111110011?
11000111111101111
In base 16, what is 10 - aaa4?
-aa94
In base 3, what is -20 + 2012021?
2012001
In base 4, what is 110012 + -201?
103211
In base 11, what is 200 - 10a3?
-9a3
In base 13, what is -4 - 2756?
-275a
In base 3, what is -200100011210001 - 12?
-200100011210020
In base 6, what is 100410 - -141?
100551
In base 4, what is -3101123 - -20?
-3101103
In base 14, what is 2 - -59258?
5925a
In base 6, what is -3225 - 52?
-3321
In base 3, what is 2012102110122 - -10?
2012102110202
In base 14, what is 3227 + b?
3234
In base 3, what is -112221010110 - 1?
-112221010111
In base 12, what is -33a654 - 6?
-33a65a
In base 13, what is -7 + -3b5?
-3bc
In base 10, what is 187641 - -5?
187646
In base 11, what is 84 + 1994?
1a68
In base 14, what is 4 + 27d54?
27d58
In base 11, what is -507 - -256?
-261
In base 13, what is 60a - 1700?
-10c3
In base 13, what is 630144 - -5?
630149
In base 12, what is -b9 + 401?
304
In base 6, what is 41 - -44413?
44454
In base 12, what is 2a1864 - -5?
2a1869
In base 12, what is -3739 + -15?
-3752
In base 8, what is 4 - -211517?
211523
In base 16, what is -71 + 19db?
196a
In base 13, what is 4b9a9 - -7?
4b9b3
In base 4, what is -1033031 + -13?
-1033110
In base 12, what is -359 - -b6?
-263
In base 11, what is 2 - 14645?
-14643
In base 5, what is -31310 - 34?
-31344
In base 16, what is -a979 + 1?
-a978
In base 9, what is 3332 + 680?
4122
In base 11, what is -1a025 + 4?
-1a021
In base 9, what is 8 - -4416?
4425
In base 7, what is 1254 - -155?
1442
In base 13, what is 2913 + -5?
290b
In base 5, what is -2441043 + 4?
-2441034
In base 14, what is 12185 - 1?
12184
In base 9, what is -40 + -8477?
-8527
In base 10, what is -825 + 120?
-705
In base 12, what is -75a80 + 3?
-75a79
In base 5, what is 4 - 2140124?
-2140120
In base 10, what is 5 - 77617?
-77612
In base 2, what is 1010010001110 + -11?
1010010001011
In base 10, what is -3370 - 1008?
-4378
In base 10, what is -121 + -43562?
-43683
In base 8, what is 12 + 621712?
621724
In base 4, what is 2031 - 111010?
-102313
In base 3, what is -21122 - 11020?
-102212
In base 16, what is 1e073 + c?
1e07f
In base 3, what is -10121 + -1121?
-12012
In base 14, what is 12ab - -a3?
1370
In base 10, what is -49026 + 29?
-48997
In base 5, what is -1022300210 - 0?
-1022300210
In base 5, what is -12300 + 131?
-12114
In base 4, what is 3 - -2201010?
2201013
In base 11, what is 5522 - 80?
5452
In base 12, what is 14aa + 291?
177b
In base 2, what is 101 + -10111101101111?
-10111101101010
In base 14, what is -3cdd + -6?
-3d05
In base 8, what is 644 + 106?
752
In base 9, what is -37588 + -8?
-37607
In base 8, what is 623474 + 5?
623501
In base 5, what is -1024 + -1324?
-2403
In base 15, what is -33417 + -2?
-33419
In base 12, what is 193b + -279?
1682
In base 16, what is d21 - 42?
cdf
In base 9, what is -6770 - 3?
-6773
In base 16, what is 189 + 74?
1fd
In base 2, what is 111100010111011 - -100111?
111100011100010
In base 8, what is -1 + -760342?
-760343
In base 16, what is 7d725 - -4?
7d729
In base 7, what is -1 - 312645?
-312646
In base 7, what is 2 + 4044443?
4044445
In base 7, what is 151 - -11431?
11612
In base 11, what is -329 + -23?
-351
In base 5, what is 12 - -2321233?
2321300
In base 12, what is -21 - 71?
-92
In base 11, what is -4 + -2355?
-2359
In base 7, what is -11041 + 31?
-11010
In base 6, what is -5 - -243513?
243504
In base 4, what is -3222001 + 30?
-3221311
In base 5, what is -144 + 14113?
13414
In base 14, what is -21018b + 3?
-210188
In base 10, what is 5 + -23871?
-23866
In base 3, what is -111 - 10202212?
-10210100
In base 8, what is 131 + -202?
-51
In base 6, what is 143 + -51412?
-51225
In base 5, what is 10133 - -1341?
12024
In base 9, what is 5 + 2468181?
2468186
In base 14, what is 5146 + 4?
514a
In base 2, what is -101100010100 - -10000010?
-101010010010
In base 3, what is -210022001 - -10?
-210021221
In base 13, what is -913 + -245?
-b58
In base 8, what is 2 - -405237?
405241
In base 3, what is 120012120 + -11002?
120001111
In base 7, what is 23216 - 141?
23045
In base 5, what is -10211102 - 12?
-10211114
In base 15, what is 3332 + 9?
333b
In base 5, what is -132242 - 1001?
-133243
In base 7, what is -300263 + -10?
-300303
In base 5, what is -11 - -114420?
114404
In base 14, what is b76 - 1?
b75
In base 11, what is 1 + 32218?
32219
In base 8, what is -10 + 34227?
34217
In base 9, what is -1 - -85773?
85772
In base 13, what is 1 + 12a0b?
12a0c
In base 14, what is c5c7 - -4?
c5cb
In base 8, what is 151502 - 0?
151502
In base 15, what is -9498a + 4?
-94986
In base 2, what is 10010110110001 + 10?
10010110110011
In base 9, what is -45563 - -38?
-45524
In base 6, what is 41012 + 5?
41021
In base 3, what is 1 + 1002221220?
1002221221
In base 9, what is -27 - 4770?
-4807
In base 16, what is -6 - -cc5?
cbf
In base 12, what is 116b6a - 5?
116b65
In base 4, what is 30211 - 3122?
21023
In base 12, what is 2b051aa - 0?
2b051aa
In base 8, what is -5170 + -1052?
-6242
In base 13, what is -1a6b - -1c8?
-1873
In 